{"id":299,"date":"2025-03-27T21:24:44","date_gmt":"2025-03-27T21:24:44","guid":{"rendered":"https:\/\/www.vwaircooledrallyseries.fi\/?page_id=299"},"modified":"2025-10-27T12:27:29","modified_gmt":"2025-10-27T12:27:29","slug":"pisteet-2025","status":"publish","type":"page","link":"https:\/\/www.vwaircooledrallyseries.fi\/?page_id=299","title":{"rendered":"Pisteet 2025"},"content":{"rendered":"\n<h2 class=\"wp-block-heading has-text-align-center\"><mark style=\"background-color:rgba(0, 0, 0, 0);color:#ffffff\" class=\"has-inline-color\">Pistetilanne kausi 2025 Kuskit ja Kartturit 6\/6 osakilpailua:<\/mark><\/h2>\n\n\n\n<!DOCTYPE html>\n<html lang=\"fi\">\n<head>\n  <meta charset=\"UTF-8\">\n  <title>Kuljettaja pisteet 2025<\/title>\n  <meta name=\"viewport\" content=\"width=device-width, initial-scale=1\">\n  <link href=\"https:\/\/fonts.googleapis.com\/css2?family=Exo+2:wght@400;600&#038;display=swap\" rel=\"stylesheet\">\n  <style>\n    body {\n      margin: 0;\n      padding: 20px;\n      background-color: #121212;\n      color: #ffffff;\n      font-family: 'Exo 2', sans-serif;\n    }\n    h2 {\n      text-align: center;\n      margin-top: 40px;\n      margin-bottom: 20px;\n    }\n    .table-container {\n      width: 100%;\n      max-width: 500px;\n      margin: 0 auto;\n      overflow-x: auto;\n      background: transparent;\n    }\n    table {\n      width: 100%;\n      border-collapse: collapse;\n      color: #ffffff;\n    }\n    th, td {\n      padding: 10px;\n      text-align: left;\n      border-bottom: 1px solid #444;\n    }\n    th {\n      font-weight: 600;\n      text-transform: uppercase;\n    }\n\n    \/* V\u00e4rikoodaus top 3 sijoille *\/\n    .gold {\n      background: linear-gradient(90deg, #FFD70033, #FFD70011);\n      color: #FFD700;\n      font-weight: 600;\n    }\n    .silver {\n      background: linear-gradient(90deg, #C0C0C033, #C0C0C011);\n      color: #C0C0C0;\n      font-weight: 600;\n    }\n    .bronze {\n      background: linear-gradient(90deg, #CD7F3233, #CD7F3211);\n      color: #CD7F32;\n      font-weight: 600;\n    }\n\n    tr:nth-child(even), tr:nth-child(odd) {\n      background-color: transparent;\n    }\n  <\/style>\n<\/head>\n<body>\n  <h2>Kuljettaja pisteet 2025<\/h2>\n  <div class=\"table-container\">\n    <table>\n      <thead>\n        <tr><th>#<\/th><th>Nimi<\/th><th>Pisteet<\/th><\/tr>\n      <\/thead>\n      <tbody>\n        <tr class=\"gold\"><td>1<\/td><td>Esa Niittym\u00e4ki<\/td><td>36<\/td><\/tr>\n        <tr class=\"silver\"><td>2<\/td><td>Miika Leino<\/td><td>34<\/td><\/tr>\n        <tr class=\"bronze\"><td>3<\/td><td>Kari Haapalainen<\/td><td>33<\/td><\/tr>\n        <tr><td>4<\/td><td>Kari Aaltonen<\/td><td>27<\/td><\/tr>\n        <tr><td>5<\/td><td>Lassi M\u00e4\u00e4tt\u00e4<\/td><td>23<\/td><\/tr>\n        <tr><td>6<\/td><td>Mika Hannu<\/td><td>21<\/td><\/tr>\n        <tr><td>7<\/td><td>Erkki Eerola<\/td><td>10<\/td><\/tr>\n        <tr><td>7<\/td><td>Joona Ik\u00e4valko<\/td><td>10<\/td><\/tr>\n        <tr><td>7<\/td><td>Antti Laurila<\/td><td>10<\/td><\/tr>\n        <tr><td>7<\/td><td>Juhani Jyr\u00e4nk\u00f6<\/td><td>10<\/td><\/tr>\n        <tr><td>11<\/td><td>Stefan Wiik<\/td><td>9<\/td><\/tr>\n        <tr><td>11<\/td><td>Jussi Naaraj\u00e4rvi<\/td><td>9<\/td><\/tr>\n        <tr><td>13<\/td><td>Jouni Ik\u00e4valko<\/td><td>7<\/td><\/tr>\n        <tr><td>14<\/td><td>Kai Walden<\/td><td>5<\/td><\/tr>\n        <tr><td>15<\/td><td>Risto Laine<\/td><td>0<\/td><\/tr>\n        <tr><td>15<\/td><td>Tomi Marttelin<\/td><td>0<\/td><\/tr>\n        <tr><td>15<\/td><td>Catarina Siven<\/td><td>0<\/td><\/tr>\n        <tr><td>15<\/td><td>Timo Varis<\/td><td>0<\/td><\/tr>\n      <\/tbody>\n    <\/table>\n  <\/div>\n<\/body>\n<\/html>\n\n\n\n\n<!DOCTYPE html>\n<html lang=\"fi\">\n<head>\n  <meta charset=\"UTF-8\">\n  <title>Kartturi pisteet 2025<\/title>\n  <meta name=\"viewport\" content=\"width=device-width, initial-scale=1\">\n  <link href=\"https:\/\/fonts.googleapis.com\/css2?family=Exo+2:wght@400;600&#038;display=swap\" rel=\"stylesheet\">\n  <style>\n    body {\n      margin: 0;\n      padding: 20px;\n      background-color: #121212;\n      color: #ffffff;\n      font-family: 'Exo 2', sans-serif;\n    }\n    h2 {\n      text-align: center;\n      margin-top: 40px;\n      margin-bottom: 20px;\n    }\n    .table-container {\n      width: 100%;\n      max-width: 500px;\n      margin: 0 auto;\n      overflow-x: auto;\n      background: transparent;\n    }\n    table {\n      width: 100%;\n      border-collapse: collapse;\n      color: #ffffff;\n    }\n    th, td {\n      padding: 10px;\n      text-align: left;\n      border-bottom: 1px solid #444;\n    }\n    th {\n      font-weight: 600;\n      text-transform: uppercase;\n    }\n    tr:nth-child(even), tr:nth-child(odd) {\n      background-color: transparent;\n    }\n\n    \/* V\u00e4rikoodaus top 3 sijoille *\/\n    .gold {\n      background: linear-gradient(90deg, #FFD70033, #FFD70011);\n      color: #FFD700;\n      font-weight: 600;\n    }\n    .silver {\n      background: linear-gradient(90deg, #C0C0C033, #C0C0C011);\n      color: #C0C0C0;\n      font-weight: 600;\n    }\n    .bronze {\n      background: linear-gradient(90deg, #CD7F3233, #CD7F3211);\n      color: #CD7F32;\n      font-weight: 600;\n    }\n  <\/style>\n<\/head>\n<body>\n  <h2>Kartturi pisteet 2025<\/h2>\n  <div class=\"table-container\">\n    <table>\n      <thead>\n        <tr><th>#<\/th><th>Nimi<\/th><th>Pisteet<\/th><\/tr>\n      <\/thead>\n      <tbody>\n        <tr class=\"gold\"><td>1<\/td><td>Markku Laakso<\/td><td>42<\/td><\/tr>\n        <tr class=\"silver\"><td>2<\/td><td>Markus R\u00e4ty<\/td><td>28<\/td><\/tr>\n        <tr class=\"bronze\"><td>3<\/td><td>Irina M\u00e4\u00e4tt\u00e4<\/td><td>23<\/td><\/tr>\n        <tr><td>4<\/td><td>Jimi Reunanen<\/td><td>22<\/td><\/tr>\n        <tr><td>5<\/td><td>Mika Sarekivi<\/td><td>18<\/td><\/tr>\n        <tr><td>6<\/td><td>Jari Sissala<\/td><td>15<\/td><\/tr>\n        <tr><td>6<\/td><td>Pia Ur\u00e9n-Akkanen<\/td><td>11<\/td><\/tr>\n        <tr><td>8<\/td><td>Jere Salo<\/td><td>10<\/td><\/tr>\n        <tr><td>8<\/td><td>Antti Lampila<\/td><td>10<\/td><\/tr>\n        <tr><td>8<\/td><td>Mikko Kittel\u00e4<\/td><td>10<\/td><\/tr>\n        <tr><td>8<\/td><td>Vesa Laurila<\/td><td>10<\/td><\/tr>\n        <tr><td>12<\/td><td>Marko Oksanen<\/td><td>9<\/td><\/tr>\n        <tr><td>12<\/td><td>Ari Naaraj\u00e4rvi<\/td><td>9<\/td><\/tr>\n        <tr><td>14<\/td><td>Jouni Helin<\/td><td>8<\/td><\/tr>\n        <tr><td>14<\/td><td>Catarina Siven<\/td><td>8<\/td><\/tr>\n        <tr><td>16<\/td><td>Jukka Laine<\/td><td>7<\/td><\/tr>\n        <tr><td>17<\/td><td>Lassi Laine<\/td><td>5<\/td><\/tr>\n        <tr><td>18<\/td><td>Kaapo Ahola<\/td><td>0<\/td><\/tr>\n        <tr><td>18<\/td><td>Pasi Haataja<\/td><td>0<\/td><\/tr>\n        <tr><td>18<\/td><td>Jyri Marttilin<\/td><td>0<\/td><\/tr>\n        <tr><td>18<\/td><td>Markus Oksanen<\/td><td>0<\/td><\/tr>\n      <\/tbody>\n    <\/table>\n  <\/div>\n<\/body>\n<\/html>\n\n\n\n\n<p><\/p>\n","protected":false},"excerpt":{"rendered":"<p>Pistetilanne kausi 2025 Kuskit ja Kartturit 6\/6 osakilpailua: Kuljettaja pisteet 2025 Kuljettaja pisteet 2025 # Nimi Pisteet 1 Esa Niittym\u00e4ki 36 2 Miika Leino 34 3 Kari Haapalainen 33 4 Kari Aaltonen 27 5 Lassi M\u00e4\u00e4tt\u00e4 23 6 Mika Hannu 21 7 Erkki Eerola 10 7 Joona Ik\u00e4valko 10 7 Antti Laurila 10 7 Juhani&#8230;<\/p>\n","protected":false},"author":1,"featured_media":0,"parent":0,"menu_order":0,"comment_status":"closed","ping_status":"closed","template":"","meta":{"_kad_post_transparent":"","_kad_post_title":"","_kad_post_layout":"","_kad_post_sidebar_id":"","_kad_post_content_style":"","_kad_post_vertical_padding":"","_kad_post_feature":"","_kad_post_feature_position":"","_kad_post_header":false,"_kad_post_footer":false,"_kad_post_classname":"","footnotes":""},"class_list":["post-299","page","type-page","status-publish","hentry"],"_links":{"self":[{"href":"https:\/\/www.vwaircooledrallyseries.fi\/index.php?rest_route=\/wp\/v2\/pages\/299","targetHints":{"allow":["GET"]}}],"collection":[{"href":"https:\/\/www.vwaircooledrallyseries.fi\/index.php?rest_route=\/wp\/v2\/pages"}],"about":[{"href":"https:\/\/www.vwaircooledrallyseries.fi\/index.php?rest_route=\/wp\/v2\/types\/page"}],"author":[{"embeddable":true,"href":"https:\/\/www.vwaircooledrallyseries.fi\/index.php?rest_route=\/wp\/v2\/users\/1"}],"replies":[{"embeddable":true,"href":"https:\/\/www.vwaircooledrallyseries.fi\/index.php?rest_route=%2Fwp%2Fv2%2Fcomments&post=299"}],"version-history":[{"count":13,"href":"https:\/\/www.vwaircooledrallyseries.fi\/index.php?rest_route=\/wp\/v2\/pages\/299\/revisions"}],"predecessor-version":[{"id":531,"href":"https:\/\/www.vwaircooledrallyseries.fi\/index.php?rest_route=\/wp\/v2\/pages\/299\/revisions\/531"}],"wp:attachment":[{"href":"https:\/\/www.vwaircooledrallyseries.fi\/index.php?rest_route=%2Fwp%2Fv2%2Fmedia&parent=299"}],"curies":[{"name":"wp","href":"https:\/\/api.w.org\/{rel}","templated":true}]}}